e prime factors of s(18).
3911
Let b(h) = 27*h + 18. Suppose -o - z + 9 = 0, -5*o - z + 6*z - 5 = 0. List the prime factors of b(o).
2, 3, 7
Let u = -4 + 7. Suppose 3*p - 69 = -v, -v = -2*v + u. List the prime factors of p.
2, 11
Suppose 20*w - 17328 = -28*w. What are the prime factors of w?
19
List the prime factors of (-2980)/30*(-9)/4*2.
3, 149
Suppose -3*m - m = 0. Suppose -2*j + 44 = -m*j. Suppose 2*h - 5*u - 27 = 0, -9 = -3*h - 2*u + j. What are the prime factors of h?
11
What are the prime factors of ((-102)/(-6) + -16)/(2/3332)?
2, 7, 17
Let f be (-8 - -10)/(4/6*1). Suppose -c + 3*r + 111 = 0, -f*c - c = -4*r - 420. What are the prime factors of c?
2, 3, 17
Suppose -2*z - 3*o = -553, 2*o - 9 - 267 = -z. Suppose z = -2*c + 5*c + 2*u, 0 = -3*c - 4*u + 286. List the prime factors of c.
2, 3, 5
Let d = 1652 - 1018. What are the prime factors of d?
2, 317
Suppose -2*y = 4*r - 0*y - 2922, 3*y = -r + 718. List the prime factors of r.
733
Suppose 413 - 77 = 6*x. Suppose x*a - 20 = 54*a. List the prime factors of a.
2, 5
Let o(w) = -10*w + 14. Let c be o(-6). Suppose -2*p - c = -x, -5*x + p = -212 - 149. What are the prime factors of x?
2, 3
Suppose -i + 550 - 121 = 4*a, i = -5*a + 535. What are the prime factors of a?
2, 53
Suppose 7*u = 79 - 23. Suppose -3*p - 10 = -u*p. Suppose -3*q + 0*q + p*o + 78 = 0, q - 39 = 5*o. List the prime factors of q.
2, 3
Let n be -6*((-4 - 1) + 3). Let u be 93/n + 4/16. List the prime factors of (18/u)/(48/128).
2, 3
Let u be 9/(135/(-133)) - 2/15. Let s(h) = 6*h**2 - 10*h. Let c be s(-7). List the prime factors of u/12 + c/16.
2, 11
Suppose -15*g + 6*g + 1953 = 0. List the prime factors of g.
7, 31
Let k(b) = -b**3 - 3*b**2 - 3*b - 7. Let y be k(-3). Suppose 0 = y*t - 24 - 0. List the prime factors of t.
2, 3
Suppose 19*z - 16*z = -75. Let a = z + 36. What are the prime factors of a?
11
Suppose 10*b - 4*b - 1068 = 0. Let x = b + -100. What are the prime factors of x?
2, 3, 13
Let y(g) = g**3 + 34*g**2 - 20*g + 60. List the prime factors of y(-22).
2, 19, 83
Suppose -4*q - 1932 = -3*j - 6632, 2*q + 5*j - 2324 = 0. What are the prime factors of q?
2, 293
Suppose 32*l - 35*l + 4*m + 4492 = 0, -7540 = -5*l - 4*m. What are the prime factors of l?
2, 47
Suppose 0 = 3*k - 6. Suppose k*h - 3*f - 2*f - 21 = 0, -25 = -3*h + f. Suppose 2*i - h = i. List the prime factors of i.
2
Let k(v) = -15 - 16 + 3*v**2 + 60 - 15 - 10*v - 9. Suppose 0*g = 3*g + 3*a - 15, 0 = -5*a - 5. What are the prime factors of k(g)?
53
List the prime factors of ((-729)/54)/((-12)/1744).
2, 3, 109
Let x(s) = s**3 - 7*s**2 + 10*s + 2. Let h be x(5). Let u(r) = 118*r - 8. What are the prime factors of u(h)?
2, 3, 19
Let s be 2 - (-3518)/10 - (-2)/10. Suppose 0 = i + i - s. What are the prime factors of i?
3, 59
Suppose 8*i + 16512 = 16*i. List the prime factors of i.
2, 3, 43
Suppose 0*g = 5*c + 2*g - 974, 0 = -2*g + 4. Suppose 582 = 4*z - c. What are the prime factors of z?
2, 97
Suppose -5*a - 799 + 2189 = 0. List the prime factors of a.
2, 139
Let u = -26 - -14. Let s be -1*14 + (1 - 8). Let c = u - s. List the prime factors of c.
3
Let l = 9 + -4. Suppose -20 = -5*k + 4*x + x, -l*k - 2*x - 1 = 0. What are the prime factors of 5 - (0 - (k + -3))?
3
Let m = -11 + 18. Let f = m + -5. Suppose f*v = 3*p - 27 - 47, -3*p + 4*v = -70. List the prime factors of p.
2, 13
Let k(l) = 120*l - 30. List the prime factors of k(3).
2, 3, 5, 11
Suppose 2*w - 6*w - 2*s + 10 = 0, 7 = w - s. Suppose -8*h = -w*h - 20. Suppose -c + 222 = h*c. What are the prime factors of c?
37
Let s(x) = 69*x - 50. What are the prime factors of s(4)?
2, 113
Let j = 2972 - 1906. List the prime factors of j.
2, 13, 41
Let i = -190 - -390. List the prime factors of i.
2, 5
Let z(x) = x**3 + 20*x**2 - 25*x - 45. What are the prime factors of z(-20)?
5, 7, 13
Suppose -f = -0*f + 15. Let b be (-54)/f - 4/(-10). Suppose b*j = j + 72. List the prime factors of j.
2, 3
Suppose 3*m - 3 = w, -2*w - 3*m + 3 = -0. Suppose 2*f + w*f - 4*u - 322 = 0, -f + 153 = -4*u. What are the prime factors of f?
13
Suppose -5*r = 2*j - 222, -7*j - 5*r + 585 = -2*j. What are the prime factors of j?
11
Let o(u) be the first derivative of 7 + 0*u + 17/3*u**3 - 1/2*u**2. What are the prime factors of o(1)?
2
What are the prime factors of ((-1424)/32)/(2/(-4))?
89
Let k be (-36)/(-14) + ((-48)/(-14) - 3). Suppose -5*p + 279 + 378 = 2*v, 3*p = -k*v + 396. List the prime factors of p.
131
Let q(p) = -2*p**3 - 5*p**2 + 16*p - 57. What are the prime factors of q(-9)?
2, 3, 71
Suppose q + 148 = -20. What are the prime factors of (q/36)/((-1)/9)?
2, 3, 7
Suppose -69160 = -14*d - 12*d. What are the prime factors of d?
2, 5, 7, 19
Suppose -5*t = -s + 14 + 39, 20 = -2*t + s. Let f(y) = -3*y. Let i(k) = -16*k. Let w(b) = 11*f(b) - 2*i(b). List the prime factors of w(t).
11
Let f = 16 + -5. Let g(t) = 2*t**2 - 10*t - 41. List the prime factors of g(f).
7, 13
Let n(q) = -5*q - 4. Let i be 0 - (-1 + 0) - 10. Let m be n(i). List the prime factors of (1 + m)*3/6.
3, 7
Let c(k) = -2*k**3 + 5*k**2 + 8*k - 11. List the prime factors of c(-7).
2, 3
Suppose 54 = 2*g + 2*g - 3*f, -2*g + 2*f = -28. Suppose 0 = g*t + 3*t - 4770. List the prime factors of t.
2, 3, 53
Suppose -b - 21 = -0*j + j, 82 = -4*j - 2*b. Let g = 15 + j. List the prime factors of ((-26)/g)/(1/5).
2, 13
Suppose 0 = -4*g - 122 + 1982. What are the prime factors of g?
3, 5, 31
Let o be (0 + 2 + 1)*(-663)/13. List the prime factors of (-2)/(-4 + (-609)/o).
2, 3, 17
Suppose 37*z - 42*z = -780. What are the prime factors of z?
2, 3, 13
Let g be -3*(20/(-12) + 2)*-14. Suppose -g*l + 18*l = 640. What are the prime factors of l?
2, 5
Suppose 0 = 5*k - 4*t - 3235, 5*k + 7*t - 8*t - 3250 = 0. What are the prime factors of k?
3, 7, 31
Let j(n) be the third derivative of -n**4/24 + 11*n**3/6 - 2*n**2. Let u be (18/(-4))/9*-18. What are the prime factors of j(u)?
2
Let c(i) = -118*i - 2. Let x be c(-1). Let s = -82 + x. What are the prime factors of s?
2, 17
Let q = 148 - -39. Suppose -q + 53 = -2*g. What are the prime factors of g?
67
Suppose 20 = t - 2*b, -3*b - 10 = 2. List the prime factors of -1 + 285/t + 1/4.
23
Let l = 125 - 100. Let h be 1/3 + 20/12. Suppose -h*y + 5 + l = 0. What are the prime factors of y?
3, 5
Suppose 0*d = 6*d - 156. Let a = -17 + d. Suppose 5*f - 37 = -q, -4*q + f = -a*q + 281. What are the prime factors of q?
3, 19
Let d(r) = -r**3 + 15*r**2 - 17*r + 5. Suppose -5*k + 21 + 9 = 0. List the prime factors of d(k).
227
Let r(g) be the second derivative of 0*g**2 - 1/20*g**5 - 5/12*g**4 + 0 + 5/3*g**3 + 3*g. What are the prime factors of r(-7)?
2, 7
Suppose -m - 2*m = -2*k - 10, -3*m - 4*k = -16. Suppose -10 = -5*o, -6*z = -4*z + m*o - 78. What are the prime factors of z?
5, 7
Let d(w) = 43*w**2 + 20*w + 50. List the prime factors of d(-3).
13, 29
Let z(h) = 27*h**2 - 84*h + 2. List the prime factors of z(-7).
1913
Suppose 4*w - 16 = -0*w, -5*w + 20 = -4*g. Suppose g = -4*l - 39 + 423. Let c = -34 + l. What are the prime factors of c?
2, 31
Let b(s) = -s + 127. Suppose -3*i + 15 = 3*g, -2*i + 0 - 15 = -3*g. List the prime factors of b(i).
127
Let c(r) = -6*r - r**2 + 13 + 0*r**2 - 7*r. List the prime factors of c(-12).
5
List the prime factors of (-1)/(-7)*49 - (0 - 1997).
2, 3, 167
Let q(h) = 47*h + 8. Let n be q(4). Suppose 3*f + 4*m = 178, -2*f - 2*f = -5*m - n. Suppose -2*z + f = 18. List the prime factors of z.
2, 3
Let f = 2057 + -1392. What are the prime factors of f?
5, 7, 19
Let j be (14/4)/(1/4). Let g be 44/4*9 + 9. Suppose -10*u + j*u = g. List the prime factors of u.
3
Let i(s) = 4 - 48*s - 11 + 34*s - 7. List the prime factors of i(-6).
2, 5, 7
Suppose 5 = a + 2*i, -2*i = -4*a + 6 + 14. Suppose 4*s - 14 = -y, -43 = -4*y + a*s + 55. What are the prime factors of y?
2, 11
Suppose 13*u = 15*u, -3*j + 1101 = -u. What are the prime factors of j?
367
Suppose -122 + 20 = 2*g. Let r = 18 - g. Suppose -r = -4*t + 39. What are the prime factors of t?
3
Let a(k) = 160*k + 251. List the prime factors of a(14).
47, 53
Suppose i + 3*x - 9 = 4*x, 3*x + 22 = 2*i. Let z(s) = s**3 - 17*s**2 + 19*s - 20. Let t be z(16). What are the prime factors of i/((-20)/(-12)) + t?
31
What are the prime factors of (-17)/(2/3*7/(-126))?
3, 17
Suppose -2402 = 5*y + 4*h